2*g - 5. Suppose 0 = -2*v + 4*v. Suppose w = -v*w + 4*o + 13, 0 = 2*w - 4*o - 30. Let c = 12 - w. Calculate h(c).
5
Let v(n) be the second derivative of n**3/6 - 13*n**2/2 + n + 4. What is v(15)?
2
Suppose -4 - 2 = -2*y. Let h = y - 7. Let l(m) = -m**3 - 2*m**2 + 5*m - 1. Calculate l(h).
11
Let m(o) = -3*o - 4*o + 4*o. Let d = -22 - -26. Let h be (-2)/d + 1/(-2). What is m(h)?
3
Suppose 0 = 5*s + 3*s + 40. Let n(v) = v**2 + 3*v - 6. Calculate n(s).
4
Let n(r) = r**2 - 3*r - 1. Suppose p = 4, 5*m - 2*m - p - 11 = 0. Let q = 8 - m. Let y be (-12)/(-10)*10/q. Give n(y).
3
Let a(n) = -5*n + 2. Let o(y) = 2*y - 1. Let v(l) = 6*a(l) + 14*o(l). Give v(3).
-8
Let n(x) = x**2 + 4*x - 3*x + 2*x - 6. Let c be (-24)/5 - 4/20. What is n(c)?
4
Let q = 8 + -11. Let s(a) = a**3 + 2*a**2 - 2*a - 4. Let g be s(q). Let b = g + 10. Let j(d) = d**3 - 4*d**2 + 5*d - 4. What is j(b)?
2
Let k(i) = i**3 + 2*i**2 - 1. Let p(o) be the second derivative of 3*o + 1/2*o**2 + 0. Let c(v) = k(v) - p(v). What is c(-2)?
-2
Let f = 10 - 12. Let x(h) = -2*h**2 - 3*h - 3. Determine x(f).
-5
Let v(a) = a**3 - 6*a**2 - 3. Suppose -4*g + 6*g + 16 = 0. Let o = 14 + g. Determine v(o).
-3
Let l(f) = -f**3 - 4*f**2 + 5*f + 7. Let p = 1 - -3. Suppose -p*n - 4*w = -12, w + 30 = 2*n + 9. Suppose -3*s + 25 = -n*s. Give l(s).
7
Let t be (-6)/4 + (-108)/(-24). Let f(x) = -4*x + x**3 - t - 7 + 3*x + 1. Calculate f(0).
-9
Let r(c) = 0*c + 0*c**2 + c**2 + 3*c - 2*c. Suppose y = 5*k - k - 15, 5*y + 5*k = 0. Calculate r(y).
6
Let y(g) = g**2 - g - 2. Let s(d) = -d**3 + 6*d**2 + 2*d - 8. Let c be s(6). Give y(c).
10
Let g(h) = -4*h**3 - 2 + 1 - 4*h**2 + 5*h**3 - 2*h + 2. What is g(2)?
-11
Let i(l) = -l**2 + 11*l + 2. Let a be ((-22)/5)/(7/(70/(-4))). Give i(a).
2
Let w(v) = -5*v - 1. Let t be 3/2*8/(-6). Let a = t + 3. Suppose -1 - a = 2*g. Calculate w(g).
4
Let o(j) = -13 - 3 + 7*j - 8*j. Calculate o(-12).
-4
Suppose -3*h - 12 = -3. Let l be 7/h - 14/21. Let g(m) = m**2 + m - 3. Calculate g(l).
3
Let p(j) = j + 4. Let k(v) = v + 1. Let i(o) = 2*k(o) - p(o). Let n be i(3). Let x = n + 2. Let s(m) = -m + 3. Give s(x).
0
Let y be 16/6 + 14/(-21). Let f(r) = -6*r + 1. Calculate f(y).
-11
Let j(f) = 3*f**2 - 16*f - 9. Let l be (20/16)/(2/8). Let u(n) = -2*n**2 + 8*n + 4. Let g(s) = l*u(s) + 3*j(s). Calculate g(-7).
0
Let p(l) = -l**2 + 1. Let z(d) = 10*d**3 + 2*d**2 - 1. Let c be z(-1). Let v(u) be the second derivative of -u**3/6 - 9*u**2/2 + 7*u. Let g be v(c). Give p(g).
1
Let f(w) be the first derivative of w**4/4 + w**2/2 + 3*w + 25. Give f(0).
3
Let q(u) be the first derivative of -2*u**3/3 - 3*u**2/2 + 2*u - 3. Let w(d) be the first derivative of q(d). Give w(-2).
5
Let d = 6 - 1. Let v(q) = -q**2 + 11*q + 5. Let i be v(11). Let j(a) = -1 - i*a**3 + 3*a**2 + 4*a**3 + a + 2*a**2 + 0. What is j(d)?
4
Suppose -5*a = -9*a - 4. Let c(y) = -9*y**3 + 2*y + 1. Calculate c(a).
8
Let k(u) = -u**2 + 8*u - 5. Let q(r) = -r + 6. Let w be q(8). Let o be -1 + (-4)/w - 1. Suppose -s - 3*a = o, 0 = 3*s + 4*a - 9*a - 28. Determine k(s).
7
Suppose -36*y = -32*y + 8. Let l(j) be the third derivative of -j**4/24 - j**3/6 - 2*j**2. Determine l(y).
1
Let s be (0/(-1))/(-2 - 4 - -5). Let r(j) = j. What is r(s)?
0
Suppose -2*q - 8 = -4*a + 2, -15 = 3*a. Let t = 9 + q. Let f(n) = n + 4. Let g be f(t). Let p(r) = -3*r + 1. Determine p(g).
7
Let p(b) = b - 8. Suppose -2*k = 3*f - 24, -2*k - f + 8 = -2*f. Give p(k).
-2
Let d(c) be the third derivative of c**7/2520 - c**6/360 - c**5/20 + c**2. Let x(r) be the third derivative of d(r). Let w be -6*((-10)/15 + 1 + -1). Give x(w).
6
Let b(h) = -h**3 - h - 5. Let j = -47 - -47. Determine b(j).
-5
Suppose -2*g + 0 + 2 = -x, -2*g - 2*x = 4. Let k(c) = c**3. Let r be k(g). Let h(o) = -o**2 - o + 4. Determine h(r).
4
Suppose 3*x + x = -4. Let u(p) = p - 1. Let y(n) = 2*n - 5. Let v(h) = -15*u(h) + 3*y(h). Let s(m) = -m. Let t(j) = x*v(j) + 6*s(j). What is t(-2)?
-6
Let n(k) = -4 - 3 + 6 + k**2 - 3*k**2. What is n(-2)?
-9
Let p(m) = m + 11. Let k = -24 + 18. Calculate p(k).
5
Suppose 0 = -34*m + 35*m + 2. Let r(z) = -z**3 - z - 2. Give r(m).
8
Let o(j) be the second derivative of -j**6/360 + 7*j**5/120 + j**4/8 - j**3 - j. Let f(k) be the second derivative of o(k). Give f(8).
-5
Let o be (-20)/8*(-16)/10. Let q(i) = -o*i**2 + 5*i + 3 - 2*i**2 - 3*i - 2. What is q(-1)?
-7
Let x be (-4)/(-3)*33/11. Let m(u) = u**3 - 3*u**2 - 5*u + 2. What is m(x)?
-2
Suppose -4 = 5*v - 29. Let p(r) be the first derivative of -r**2/2 + 6*r - 1. Calculate p(v).
1
Let h(z) = 1 + z + 0*z + 15. Let y(o) = -o - 17. Let k(g) = 6*h(g) + 5*y(g). Let t be -2 + (-3 - -6) - 1. Calculate k(t).
11
Let j be (-24)/(-10) - (-3)/5. Let d(w) = 2*w**2 - 5*w - 6*w - 6 + 4*w - j*w**2. What is d(-5)?
4
Let m(f) = 1 + 6 + 2*f - 3. What is m(-3)?
-2
Let o = -2 + 4. Suppose -o*p = -h - 3*p + 1, -4*h - 14 = -2*p. Let v(n) = n**2 - 2*n - 2. Determine v(h).
6
Let i(a) = a**3 + 6*a**2 - 3*a - 1. Suppose -4*r - k = -r + 13, -4*k = r - 14. Give i(r).
17
Let n(d) = 3*d + 5. Let w(t) = -7*t - 11. Let z(f) = 5*n(f) + 2*w(f). Give z(5).
8
Let k = -19 + 19. Let g(x) be the third derivative of x**4/24 - x**3/3 + x**2. Determine g(k).
-2
Let z(d) = d**3 + d**2 - d. Suppose -k - 5*s - 1 - 1 = 0, 0 = -2*k + 2*s - 4. Let u be -2*(-3 - (-2 + k)). Determine z(u).
-2
Suppose -5*u = -4*u - 5*v - 17, 3*u = 2*v - 1. Let w(t) = t**3 + 3*t**2 + t - 1. Calculate w(u).
-4
Let v(w) = -w - 5. Let n(d) = -1. Let j(k) = 2*n(k) - v(k). Let y be (-22)/11 + 0 + 2. What is j(y)?
3
Let n(k) = k**3 + k**2 + 2*k - 4. Let u be n(0). Let j(p) be the first derivative of p**3/3 + 2*p**2 + 3*p + 1. Calculate j(u).
3
Suppose 2*c + 4 = 3*r, -c = -2*r - 2*r + 12. Let j(d) = -4*d + d + 8 + c*d. Let u = 63 + -67. Calculate j(u).
4
Let g(f) = -f**3 + 4*f**2 - f - 2. Let r be (9/(-12) + 0)*-4. Let x be g(r). Let m(b) = -3 + 4 - 4 - 5*b + b**2. Give m(x).
-7
Let q be 2 - (-1 - -3)*-2. Let r(j) = j**3 - 3 + q*j**2 - 4*j + 7*j + 0*j**3. Determine r(-5).
7
Let j(r) = -r - 3. Let l(k) = k**2 - 5. Let f be l(3). Suppose -b = -f*b. What is j(b)?
-3
Let g(f) = f + 3. Let j be 0 + 6 - (2 - 3). Suppose 2*m + 10 = 2*a, 3*a + m + j - 2 = 0. Give g(a).
3
Suppose 3 = r + 3*a + 4, a = -3*r + 13. Let n = -7 + r. Let p(f) be the third derivative of -f**4/24 + f**3/3 - 4*f**2. Determine p(n).
4
Let g(z) = 3*z. Let u = 8 + -5. Suppose u*l - 10 = -2*l. Give g(l).
6
Let c be -1*-2*2 - 0. Let v(x) be the first derivative of -x**3/3 + 7*x**2/2 - 4*x - 3. Give v(c).
8
Let t be (-12)/10*10/(-3). Suppose 0 = -t*a - o + 19, 2*a = 7*a - o - 17. Suppose a*m + 16 = -0*m. Let i(u) = u**3 + 3*u**2 - 5*u - 4. Determine i(m).
0
Let m(n) be the third derivative of n**4/8 + n**3/3 + 5*n**2. Suppose -6 = -2*v - 4*c, -4*c + 26 + 0 = -2*v. What is m(v)?
-13
Let y(q) be the first derivative of -q**2/2 + q - 1. Determine y(1).
0
Let d(m) be the first derivative of -3*m**2/2 + 2*m + 8. Give d(-3).
11
Suppose 0 = -m - 111 + 113. Let y(h) be the first derivative of -h**4/2 + h**3 - 3*h**2/2 + 3*h - 1. Calculate y(m).
-7
Let d(z) be the third derivative of -z**6/120 - z**5/60 + z**4/24 - 4*z**3/3 - 11*z**2. What is d(0)?
-8
Let r(w) = -w**3 + 8*w**2 - 6*w - 7. Let l be ((-2)/4)/((-399)/98 + 4). Calculate r(l).
0
Let c(m) = -m**3 + 9*m**2 - 6*m - 3. Let l be c(8). Let w(d) = 5*d - 19*d + l*d - 7. Determine w(-5).
-2
Let w(a) = -2*a**3 - 13*a**2 - 6*a + 1. Let o be w(-6). Let c(d) = 13*d**3 + 2*d**2 - 1. Determine c(o).
14
Let k(b) = 12*b + 2 - 4 - 7*b**3 + 9*b**3 + 8 - 3*b**2. Let o(a) = a**3 - 2*a**2 + 6*a + 3. Let s(f) = 4*k(f) - 9*o(f). Suppose -15 = -4*v + 5. Calculate s(v).
-8
Let r(x) = 3*x**3 - 2*x**2 - 2*x - 1. Let s = -23 - -22. Give r(s).
-4
Let z = 1 - 1. Let k be 2*3/(-15)*-5. Let i(u) = -2*u**2 + u - u**k + 4*u**2. What is i(z)?
0
Let u be -1 - (11 + -3)/(-2). Let n(q) = 65*q**2 + 6 + 0*q + u*q - 66*q**2. Determine n(5).
-4
Let y(z) be the first derivative of 2*z + 2 + 3/2*z**2. Calculate y(2).
8
Let t(j) = -j - 7. Let h(r) = 3*r + 15. Let i(z) = 2*h(z) + 5*t(z). What is i(-4)?
-9
Let n(t) = t - 7. Let d(y) = 2*y - 8. Let o(h) = -7*h**3 + 2*h**2 - 1. Let q be o(1). Let s(v) = q*d(v) + 7*n(v). Let c be (-2)/(-9) + 11/(-9). Calculate s(c).
4
Let s(k) = k**2 - 5*k + 3. Let c be s(4). Let u(v) = -v**2 + 5*v